{"id":12,"date":"2016-02-02T10:24:32","date_gmt":"2016-02-02T10:24:32","guid":{"rendered":"http:\/\/cukiereczki.org\/?page_id=12"},"modified":"2016-03-14T09:48:29","modified_gmt":"2016-03-14T09:48:29","slug":"dzialalnosc","status":"publish","type":"page","link":"http:\/\/cukiereczki.org\/?page_id=12","title":{"rendered":"dzia\u0142alno\u015b\u0107"},"content":{"rendered":"<p><em><strong>Zebrania Stowarzyszenia odbywaj\u0105 si\u0119 w \u00a0sobot\u0119 raz w miesi\u0105cu o godzinie 10 (opr\u00f3cz wakacji i \u015bwi\u0105t) w Technikum Gastronomicznym w Kielcach przy ulicy Zag\u00f3rskiej (obok bazar\u00f3w). Termin spotka\u0144 podawany jest na stronie w aktualno\u015bciach.<br \/>\n<\/strong><\/em><\/p>\n<hr \/>\n<p><strong>Powstali\u015bmy w roku 1998&#8230;<\/strong><\/p>\n<p>&#8230;.w\u0142a\u015bnie wtedy zacz\u0119li\u015bmy pomaga\u0107 dzieciom tym ma\u0142ym i tym troch\u0119 wyro\u015bni\u0119tym, kt\u00f3rych dotkn\u0119\u0142a nieuleczalna choroba. Pomagamy te\u017c ich rodzinom przetrwa\u0107 najtrudniejsze chwile. Chcemy zapewni\u0107 im odrobin\u0119 u\u015bmiechu i pom\u00f3c w walce jak\u0105 codziennie tocz\u0105 o w miar\u0119 normalne \u017cycie swoje i swoich dzieci.<br \/>\nCz\u0142onkowie Stowarzyszenia anga\u017cuj\u0105 si\u0119 ca\u0142ym sercem, pracuj\u0105 spo\u0142ecznie i nie otrzymuj\u0105 \u017cadnego wynagrodzenia.<\/p>\n<p><strong>Je\u017celi nie wiesz, gdzie szuka\u0107 pomocy &#8211; zg\u0142o\u015b si\u0119 do nas. Jeste\u015bmy po to aby pomaga\u0107. (<a href=\"http:\/\/cukiereczki.org\/?page_id=33\"><span style=\"color: #0000ff;\">patrz na stronie KONTAKT<\/span><\/a>)<\/strong><strong><br \/>\n<\/strong><\/p>\n<hr \/>\n<h2>NASZA MISJA<\/h2>\n<p><strong>Dzia\u0142amy na rzecz dzieci, m\u0142odzie\u017cy, doros\u0142ych dotkni\u0119tych nieuleczalnymi chorobami. Powstali\u015bmy jako Stowarzyszenie, kt\u00f3re mia\u0142o za zadanie pom\u00f3c dzieciom i ich \u00a0rodzinom z cukrzyc\u0105 insulinozale\u017cn\u0105. W roku 2006 rozszerzyli\u015bmy zakres dzia\u0142alno\u015bci na rzecz dzieci chorych z innymi schorzeniami (astma, bia\u0142aczka, celiakia, wady wzroku). \u00a0Dzi\u015b jest nas ponad 80 os\u00f3b i jeste\u015bmy najwi\u0119ksz\u0105 organizacj\u0105 zrzeszaj\u0105c\u0105 \u00a0dzieci i m\u0142odzie\u017c z cukrzyc\u0105 typu I \u00a0oraz II \u00a0w wojew\u00f3dztwie \u015bwi\u0119tokrzyskim.<\/strong><\/p>\n<p><em><strong>Nadz\u00f3r \u00a0medyczny nad leczeniem dzieci i m\u0142odzie\u017cy sprawuje \u015awi\u0119tokrzyskie Centrum Pediatrii\u00a0w Kielcach i Poradnie Specjalistyczne.<\/strong><\/em><\/p>\n<p>Celem dzia\u0142ania Stowarzyszenia jest wszechstronna dzia\u0142alno\u015b\u0107 spo\u0142ecznie u\u017cyteczna. Organizujemy szkolenia edukacyjne, konferencje, turnusy rehabilitacyjno-wypoczynkowe, imprezy integracyjne, porady prawne i psychologiczne w ramach realizowanych projekt\u00f3w. (<strong><span style=\"color: #0000ff;\"><a style=\"color: #0000ff;\" href=\"http:\/\/cukiereczki.org\/?page_id=30\">zdj\u0119cia z realizacji zada\u0144 &#8211; strona GALERIA<\/a><\/span><\/strong>)<\/p>\n<p><strong>Posiadam<a href=\"http:\/\/cukiereczki.org\/?page_id=27\"><img loading=\"lazy\" decoding=\"async\" class=\"wp-image-299 alignleft\" src=\"http:\/\/cukiereczki.org\/wp-content\/uploads\/2016\/02\/opp.jpg\" alt=\"opp\" width=\"172\" height=\"81\" srcset=\"http:\/\/cukiereczki.org\/wp-content\/uploads\/2016\/02\/opp.jpg 742w, http:\/\/cukiereczki.org\/wp-content\/uploads\/2016\/02\/opp-300x142.jpg 300w, http:\/\/cukiereczki.org\/wp-content\/uploads\/2016\/02\/opp-624x295.jpg 624w\" sizes=\"auto, (max-width: 172px) 100vw, 172px\" \/><\/a>y statut organizacji po\u017cytku publicznego <\/strong><\/p>\n<p><strong>&#8211;<\/strong><strong>\u00a0mo\u017cesz nam podarowa\u0107 sw\u00f3j <span style=\"color: #0000ff;\"><a style=\"color: #0000ff;\" href=\"http:\/\/cukiereczki.org\/?page_id=27\">1% (zobacz 1% OPP).<\/a><\/span><\/strong><\/p>\n","protected":false},"excerpt":{"rendered":"<p>Zebrania Stowarzyszenia odbywaj\u0105 si\u0119 w \u00a0sobot\u0119 raz w miesi\u0105cu o godzinie 10 (opr\u00f3cz wakacji i \u015bwi\u0105t) w Technikum Gastronomicznym w Kielcach przy ulicy Zag\u00f3rskiej (obok bazar\u00f3w). Termin spotka\u0144 podawany jest na stronie w aktualno\u015bciach. Powstali\u015bmy w roku 1998&#8230; &#8230;.w\u0142a\u015bnie wtedy zacz\u0119li\u015bmy pomaga\u0107 dzieciom tym ma\u0142ym i tym troch\u0119 wyro\u015bni\u0119tym, kt\u00f3rych dotkn\u0119\u0142a nieuleczalna choroba. Pomagamy te\u017c [&hellip;]<\/p>\n","protected":false},"author":1,"featured_media":0,"parent":0,"menu_order":0,"comment_status":"closed","ping_status":"closed","template":"","meta":{"footnotes":""},"class_list":["post-12","page","type-page","status-publish","hentry"],"_links":{"self":[{"href":"http:\/\/cukiereczki.org\/index.php?rest_route=\/wp\/v2\/pages\/12","targetHints":{"allow":["GET"]}}],"collection":[{"href":"http:\/\/cukiereczki.org\/index.php?rest_route=\/wp\/v2\/pages"}],"about":[{"href":"http:\/\/cukiereczki.org\/index.php?rest_route=\/wp\/v2\/types\/page"}],"author":[{"embeddable":true,"href":"http:\/\/cukiereczki.org\/index.php?rest_route=\/wp\/v2\/users\/1"}],"replies":[{"embeddable":true,"href":"http:\/\/cukiereczki.org\/index.php?rest_route=%2Fwp%2Fv2%2Fcomments&post=12"}],"version-history":[{"count":14,"href":"http:\/\/cukiereczki.org\/index.php?rest_route=\/wp\/v2\/pages\/12\/revisions"}],"predecessor-version":[{"id":302,"href":"http:\/\/cukiereczki.org\/index.php?rest_route=\/wp\/v2\/pages\/12\/revisions\/302"}],"wp:attachment":[{"href":"http:\/\/cukiereczki.org\/index.php?rest_route=%2Fwp%2Fv2%2Fmedia&parent=12"}],"curies":[{"name":"wp","href":"https:\/\/api.w.org\/{rel}","templated":true}]}}